3455 is divided by 12?
11
What is the remainder when 32646 is divided by 3?
0
Calculate the remainder when 723056 is divided by 195.
191
Calculate the remainder when 7141 is divided by 896.
869
What is the remainder when 2730 is divided by 2696?
34
What is the remainder when 7126 is divided by 332?
154
What is the remainder when 1666 is divided by 48?
34
What is the remainder when 224985 is divided by 3461?
20
Calculate the remainder when 373611 is divided by 823.
792
What is the remainder when 49692 is divided by 7?
6
Calculate the remainder when 1351 is divided by 476.
399
What is the remainder when 62356 is divided by 218?
8
Calculate the remainder when 11011 is divided by 897.
247
Calculate the remainder when 118015 is divided by 292.
47
What is the remainder when 599 is divided by 190?
29
Calculate the remainder when 21053 is divided by 260.
253
What is the remainder when 424208 is divided by 49?
15
What is the remainder when 55673 is divided by 13892?
105
Calculate the remainder when 28939 is divided by 432.
427
Calculate the remainder when 13011 is divided by 150.
111
What is the remainder when 18245 is divided by 26?
19
What is the remainder when 4234 is divided by 4213?
21
Calculate the remainder when 88631 is divided by 318.
227
What is the remainder when 8432 is divided by 8056?
376
Calculate the remainder when 118313 is divided by 290.
283
What is the remainder when 3262 is divided by 3243?
19
Calculate the remainder when 12857 is divided by 142.
77
What is the remainder when 423623 is divided by 51?
17
What is the remainder when 9751 is divided by 287?
280
Calculate the remainder when 762095 is divided by 823.
820
What is the remainder when 1339529 is divided by 107?
103
What is the remainder when 45759 is divided by 5?
4
What is the remainder when 781 is divided by 690?
91
Calculate the remainder when 433574 is divided by 379.
377
What is the remainder when 2526 is divided by 87?
3
Calculate the remainder when 17675 is divided by 837.
98
Calculate the remainder when 26249 is divided by 26.
15
What is the remainder when 5782 is divided by 1925?
7
Calculate the remainder when 50826 is divided by 10162.
16
What is the remainder when 3443 is divided by 116?
79
What is the remainder when 19485 is divided by 336?
333
Calculate the remainder when 1958 is divided by 861.
236
Calculate the remainder when 2435 is divided by 244.
239
What is the remainder when 48958 is divided by 48?
46
What is the remainder when 35972 is divided by 665?
62
What is the remainder when 52985 is divided by 369?
218
Calculate the remainder when 133218 is divided by 101.
100
Calculate the remainder when 6359 is divided by 231.
122
Calculate the remainder when 1381 is divided by 181.
114
Calculate the remainder when 121943 is divided by 113.
16
What is the remainder when 27562 is divided by 1152?
1066
What is the remainder when 62183 is divided by 62?
59
What is the remainder when 1945 is divided by 1026?
919
Calculate the remainder when 4013312 is divided by 19.
18
Calculate the remainder when 1264 is divided by 164.
116
What is the remainder when 7490 is divided by 78?
2
What is the remainder when 7337 is divided by 78?
5
Calculate the remainder when 9241 is divided by 4514.
213
Calculate the remainder when 11740 is divided by 82.
14
Calculate the remainder when 2293 is divided by 216.
133
What is the remainder when 617 is divided by 99?
23
What is the remainder when 13921 is divided by 4?
1
Calculate the remainder when 930 is divided by 890.
40
What is the remainder when 32277 is divided by 455?
427
What is the remainder when 881476 is divided by 131?
108
Calculate the remainder when 66563 is divided by 1751.
25
Calculate the remainder when 1481 is divided by 368.
9
Calculate the remainder when 1468 is divided by 199.
75
Calculate the remainder when 675287 is divided by 337608.
71
Calculate the remainder when 50674 is divided by 115.
74
Calculate the remainder when 327787 is divided by 361.
360
What is the remainder when 1845 is divided by 1519?
326
Calculate the remainder when 4148 is divided by 685.
38
Calculate the remainder when 46771 is divided by 163.
153
What is the remainder when 4251 is divided by 522?
75
What is the remainder when 149072 is divided by 404?
400
Calculate the remainder when 99863 is divided by 36.
35
What is the remainder when 38540 is divided by 9?
2
What is the remainder when 127718 is divided by 17?
14
Calculate the remainder when 20357 is divided by 81.
26
What is the remainder when 8943 is divided by 1787?
8
What is the remainder when 16800 is divided by 168?
0
What is the remainder when 12989 is divided by 5451?
2087
Calculate the remainder when 993 is divided by 446.
101
Calculate the remainder when 12644056 is divided by 1483.
1481
What is the remainder when 1531 is divided by 448?
187
What is the remainder when 5648 is divided by 1874?
26
Calculate the remainder when 1066 is divided by 179.
171
Calculate the remainder when 961 is divided by 324.
313
Calculate the remainder when 255931 is divided by 93.
88
Calculate the remainder when 3244 is divided by 1085.
1074
What is the remainder when 2289239 is divided by 8?
7
Calculate the remainder when 62390 is divided by 150.
140
What is the remainder when 7485 is divided by 109?
73
Calculate the remainder when 1473557 is divided by 34.
31
What is the remainder when 7914 is divided by 240?
234
Calculate the remainder when 2705 is divided by 207.
14
Calculate the remainder when 275411 is divided by 236.
235
Calculate the remainder when 2299 is divided by 72.
67
Calculate the remainder when 12321 is divided by 31.
14
What is the remainder when 701 is divided by 691?
10
What is the remainder when 1667 is divided by 347?
279
What is the remainder when 874 is divided by 381?
112
Calculate the remainder when 3708 is divided by 59.
50
What is the remainder when 647 is divided by 548?
99
What is the remainder when 1475 is divided by 487?
14
Calculate the remainder when 1617556 is divided by 763.
759
What is the remainder when 1787 is divided by 448?
443
What is the remainder when 82913 is divided by 882?
5
Calculate the remainder when 28668 is divided by 10.
8
What is the remainder when 803556 is divided by 123?
120
Calculate the remainder when 757679 is divided by 19.
16
What is the remainder when 215162 is divided by 327?
323
Calculate the remainder when 57052 is divided by 111.
109
Calculate the remainder when 3884 is divided by 1153.
425
What is the remainder when 9204 is divided by 204?
24
Calculate the remainder when 9630 is divided by 275.
5
What is the remainder when 226041 is divided by 98?
53
Calculate the remainder when 8743 is divided by 158.
53
Calculate the remainder when 6043 is divided by 95.
58
What is the remainder when 11012 is divided by 459?
455
Calculate the remainder when 440197 is divided by 40.
37
Calculate the remainder when 65083 is divided by 295.
183
Calculate the remainder when 1444378 is divided by 570.
568
Calculate the remainder when 33600 is divided by 1400.
0
What is the remainder when 305859 is divided by 13?
8
What is the remainder when 51936 is divided by 212?
208
What is the remainder when 1739 is divided by 240?
59
What is the remainder when 70130 is divided by 1058?
302
What is the remainder when 25480 is divided by 62?
60
What is the remainder when 262630 is divided by 15?
10
What is the remainder when 4695 is divided by 96?
87
Calculate the remainder when 32145 is divided by 38.
35
Calculate the remainder when 24498 is divided by 100.
98
What is the remainder when 13800 is divided by 6797?
206
What is the remainder when 297479 is divided by 23?
20
What is the remainder when 1679 is divided by 12?
11
Calculate the remainder when 9667 is divided by 421.
405
Calculate the remainder when 91195 is divided by 1322.
1299
What is the remainder when 90099 is divided by 45025?
49
Calculate the remainder when 3129 is divided by 38.
13
What is the remainder when 43890 is divided by 322?
98
What is the remainder when 27348 is divided by 87?
30
What is the remainder when 52313 is divided by 153?
140
What is the remainder when 15271 is divided by 3223?
2379
What is the remainder when 1690 is divided by 212?
206
What is the remainder when 19588 is divided by 1